0082?
7
What is the tens digit of 2700350?
5
What is the tens digit of 6885240?
4
What is the ten thousands digit of 7793959?
9
What is the thousands digit of 10954254?
4
What is the units digit of 18867026?
6
What is the hundred thousands digit of 2219532?
2
What is the millions digit of 1944264?
1
What is the units digit of 4158977?
7
What is the hundred thousands digit of 4594517?
5
What is the ten thousands digit of 21716383?
1
What is the millions digit of 2031570?
2
What is the hundred thousands digit of 962802?
9
What is the hundreds digit of 565456?
4
What is the tens digit of 28331436?
3
What is the ten thousands digit of 17093?
1
What is the hundred thousands digit of 251748?
2
What is the hundred thousands digit of 217395?
2
What is the ten thousands digit of 4331894?
3
What is the thousands digit of 8622786?
2
What is the thousands digit of 201177?
1
What is the tens digit of 2929509?
0
What is the hundreds digit of 27229235?
2
What is the hundred thousands digit of 181778?
1
What is the millions digit of 3080353?
3
What is the hundreds digit of 202980?
9
What is the hundreds digit of 12219683?
6
What is the units digit of 34992655?
5
What is the ten thousands digit of 366732?
6
What is the hundred thousands digit of 561177?
5
What is the thousands digit of 3724814?
4
What is the hundreds digit of 958997?
9
What is the thousands digit of 12078785?
8
What is the tens digit of 12226351?
5
What is the millions digit of 2899019?
2
What is the ten thousands digit of 57103?
5
What is the tens digit of 590549?
4
What is the units digit of 13547497?
7
What is the units digit of 154473?
3
What is the thousands digit of 552256?
2
What is the hundred thousands digit of 9465852?
4
What is the ten thousands digit of 169573?
6
What is the thousands digit of 73626?
3
What is the units digit of 2836106?
6
What is the tens digit of 52272?
7
What is the hundred thousands digit of 1684912?
6
What is the millions digit of 2459922?
2
What is the units digit of 487107?
7
What is the units digit of 5437949?
9
What is the ten millions digit of 18434587?
1
What is the hundreds digit of 56429?
4
What is the ten thousands digit of 86066?
8
What is the hundreds digit of 2383585?
5
What is the tens digit of 1189965?
6
What is the ten thousands digit of 225865?
2
What is the units digit of 11225608?
8
What is the units digit of 1799985?
5
What is the ten thousands digit of 510731?
1
What is the hundred thousands digit of 123033?
1
What is the thousands digit of 1927392?
7
What is the hundred thousands digit of 131934?
1
What is the ten thousands digit of 247782?
4
What is the hundred thousands digit of 262948?
2
What is the units digit of 108028?
8
What is the tens digit of 1620907?
0
What is the hundreds digit of 3905368?
3
What is the ten thousands digit of 371103?
7
What is the hundred thousands digit of 2825056?
8
What is the units digit of 594279?
9
What is the units digit of 322356?
6
What is the hundred thousands digit of 6920563?
9
What is the thousands digit of 1971285?
1
What is the hundreds digit of 292799?
7
What is the tens digit of 448864?
6
What is the units digit of 1811178?
8
What is the hundreds digit of 2446167?
1
What is the thousands digit of 153773?
3
What is the units digit of 927673?
3
What is the thousands digit of 35768?
5
What is the tens digit of 3755296?
9
What is the tens digit of 9429019?
1
What is the thousands digit of 190639?
0
What is the tens digit of 1885873?
7
What is the ten millions digit of 18123252?
1
What is the ten thousands digit of 109974?
0
What is the hundreds digit of 218306?
3
What is the tens digit of 1159598?
9
What is the ten thousands digit of 986530?
8
What is the hundred thousands digit of 208905?
2
What is the hundreds digit of 328304?
3
What is the ten thousands digit of 243587?
4
What is the hundred thousands digit of 25484221?
4
What is the units digit of 3428027?
7
What is the thousands digit of 611160?
1
What is the hundred thousands digit of 305105?
3
What is the tens digit of 2069397?
9
What is the millions digit of 2899531?
2
What is the thousands digit of 6360062?
0
What is the ten thousands digit of 386328?
8
What is the millions digit of 4087703?
4
What is the hundreds digit of 14761?
7
What is the hundred thousands digit of 316420?
3
What is the ten thousands digit of 600351?
0
What is the hundred thousands digit of 3151537?
1
What is the thousands digit of 104355?
4
What is the hundreds digit of 283707?
7
What is the ten thousands digit of 69524?
6
What is the hundreds digit of 6922033?
0
What is the thousands digit of 1167209?
7
What is the units digit of 354587?
7
What is the ten thousands digit of 9578798?
7
What is the units digit of 4972?
2
What is the hundred thousands digit of 4725890?
7
What is the ten thousands digit of 3343721?
4
What is the thousands digit of 35741?
5
What is the tens digit of 951036?
3
What is the hundred thousands digit of 9447955?
4
What is the ten thousands digit of 1376081?
7
What is the units digit of 3567287?
7
What is the ten millions digit of 21849625?
2
What is the hundred thousands digit of 264725?
2
What is the thousands digit of 210427?
0
What is the hundreds digit of 16860988?
9
What is the units digit of 659176?
6
What is the thousands digit of 3846997?
6
What is the tens digit of 5394468?
6
What is the millions digit of 2192739?
2
What is the hundreds digit of 10897208?
2
What is the units digit of 181479?
9
What is the units digit of 373692?
2
What is the hundreds digit of 3985765?
7
What is the tens digit of 1179545?
4
What is the hundreds digit of 15084963?
9
What is the ten thousands digit of 179397?
7
What is the units digit of 316752?
2
What is the tens digit of 7458582?
8
What is the units digit of 2130342?
2
What is the ten thousands digit of 2157570?
5
What is the hundreds digit of 4885320?
3
What is the thousands digit of 1411909?
1
What is the hundred thousands digit of 5332352?
3
What is the thousands digit of 840355?
0
What is the ten thousands digit of 892349?
9
What is the units digit of 1662657?
7
What is the tens digit of 409930?
3
What is the millions digit of 1270878?
1
What is the tens digit of 80791?
9
What is the thousands digit of 3338664?
8
What is the millions digit of 1923876?
1
What is the ten thousands digit of 3086045?
8
What is the hundreds digit of 466489?
4
What is the thousands digit of 227223?
7
What is the thousands digit of 27698062?
8
What is the hundred thousands digit of 9541060?
5
What is the tens digit of 213936?
3
What is the units digit of 9091995?
5
What is the units digit of 1215873?
3
What is the ten thousands digit of 927129?
2
What is the tens digit of 95817?
1
What is the units digit of 102626?
6
What is the ten millions digit of 21777037?
2
What is the millions digit of 5974841?
5
What is the hundreds digit of 17556?
5
What is the tens digit of 99108?
0
What is the thousands digit of 208537?
8
What is the thousands digit of 490115?
0
What is the ten thousands digit of 32949627?
4
What is the thousands digit of 10304024?
4
What is the ten thousands digit of 6260662?
6
What is the hundreds digit of 3725490?
4
What is the hundreds digit of 244434?
4
What is the thousands digit of 2103385?
3
What is the units digit of 1081293?
3
What is the units digit of 6812352?
2
What is the hundred thousands digit of 1934605?
9
What is the tens digit of 199343?
4
What is the hundred thousands digit of 2206839?
2
What is the hundreds digit of 904807?
8
What is the units digit of 27705024?
4
What is the units digit of 915722?
2
What is the hundred thousands digit of 627068?
6
What is the ten thousands digit of 318345?
1
What is the hundred thousands digit of 2233339?
2
What is the millions digit of 1445473?
1
What is the units digit of 63339?
9
What is the thousands digit of 1014417?
4
What is the tens digit of 322718?
1
What is the hundreds digit of 272091?
0
What is the thousands digit of 278779?
8
What is the hundreds digit of 367936?
9
What is the hundreds digit of 382807?
8
What is the units digit of 4169789?
9
What is the hundreds digit of 5045687?
6
What is the hundred thousands digit of 2051934?
0
What is the hundred thousands digit of 1741419?
7
What is the ten thousands digit of 714279?
1
What is the hun